te number?
True
Is 9617 composite?
True
Is 12813 a composite number?
True
Is 199505 a prime number?
False
Is 23599 a composite number?
False
Is 658879 a composite number?
True
Is 217717 composite?
False
Is 63277 prime?
True
Is 24371 a composite number?
False
Is 112241 composite?
False
Is 128387 composite?
True
Is 7261 a composite number?
True
Is 45007 a prime number?
True
Is 8859 prime?
False
Is 51383 prime?
True
Is 31793 a prime number?
True
Is 15401 prime?
True
Is 5633 a composite number?
True
Is 389 a composite number?
False
Is 20431 composite?
False
Is 919559 a prime number?
True
Is 226859 composite?
True
Is 232131 a prime number?
False
Is 27641 prime?
False
Is 70289 a composite number?
False
Is 48445 composite?
True
Is 262603 a composite number?
True
Is 188021 composite?
False
Is 485294 prime?
False
Is 191 a prime number?
True
Is 416329 prime?
False
Is 1068097 prime?
False
Is 27421 a composite number?
True
Is 21891 a composite number?
True
Is 154537 a prime number?
False
Is 487733 a prime number?
True
Is 23365 prime?
False
Is 98729 a composite number?
False
Is 2754803 a prime number?
True
Is 1438867 a composite number?
False
Is 3293 prime?
False
Is 390341 composite?
True
Is 59389 prime?
False
Is 134329 a prime number?
False
Is 1217 a composite number?
False
Is 6257 a prime number?
True
Is 371641 a composite number?
True
Is 879 a composite number?
True
Is 416495 composite?
True
Is 504631 composite?
False
Is 44351 prime?
True
Is 88411 prime?
True
Is 1178461 composite?
False
Is 375149 a composite number?
False
Is 718 composite?
True
Is 38987 a composite number?
True
Is 109751 composite?
False
Is 2067605 a prime number?
False
Is 57593 a composite number?
False
Is 1514 composite?
True
Is 1081 prime?
False
Is 416761 a composite number?
False
Is 8941 prime?
True
Is 158471 a prime number?
False
Is 752849 a composite number?
True
Is 11279 a prime number?
True
Is 145931 a composite number?
False
Is 52135 a prime number?
False
Is 226087 prime?
True
Is 851 prime?
False
Is 48073 a prime number?
True
Is 22189 composite?
False
Is 39779 a composite number?
False
Is 23117 a prime number?
True
Is 89 prime?
True
Is 3885767 composite?
False
Is 85793 a prime number?
True
Is 115633 a composite number?
True
Is 5543 a prime number?
False
Is 52583 a prime number?
True
Is 3589 prime?
False
Is 370369 composite?
True
Is 191431 a composite number?
True
Is 9382 composite?
True
Is 25177 prime?
False
Is 21559 a prime number?
True
Is 24319 a composite number?
True
Is 28319 composite?
False
Is 17011 composite?
False
Is 86743 composite?
False
Is 4889 a composite number?
False
Is 99277 prime?
True
Is 177379 composite?
False
Is 20129 composite?
False
Is 499 prime?
True
Is 23117 a composite number?
False
Is 13553 composite?
False
Is 5469 prime?
False
Is 17239 prime?
True
Is 3793 a composite number?
False
Is 642749 composite?
True
Is 196133 prime?
False
Is 710483 a prime number?
True
Is 129299 composite?
True
Is 235921 a prime number?
False
Is 4099 prime?
True
Is 2231 a composite number?
True
Is 51565 a prime number?
False
Is 53 a prime number?
True
Is 29239 a prime number?
False
Is 1061 a composite number?
False
Is 1507 a composite number?
True
Is 32467 a composite number?
False
Is 128099 a composite number?
False
Is 92731 a prime number?
False
Is 662171 a prime number?
False
Is 18119 prime?
True
Is 170033 a composite number?
True
Is 581114 composite?
True
Is 64777 a composite number?
True
Is 9599 a composite number?
True
Is 268066 a composite number?
True
Is 402959 composite?
True
Is 82163 a prime number?
True
Is 204641 composite?
False
Is 219347 a composite number?
True
Is 12623 a prime number?
False
Is 17947 prime?
False
Is 53231 composite?
False
Is 107243 composite?
False
Is 157601 prime?
False
Is 6247 prime?
True
Is 406346 prime?
False
Is 79963 composite?
True
Is 8899 a composite number?
True
Is 239017 composite?
False
Is 9277 prime?
True
Is 2003917 a composite number?
False
Is 16273 prime?
True
Is 298261 composite?
False
Is 9521 composite?
False
Is 1093517 composite?
False
Is 17863 a composite number?
False
Is 80467 prime?
False
Is 414157 a composite number?
False
Is 391463 a prime number?
False
Is 18773 prime?
True
Is 17519 a prime number?
True
Is 199523 a composite number?
False
Is 5319679 composite?
False
Is 6743 a prime number?
False
Is 48145 a prime number?
False
Is 40027 prime?
False
Is 30829 a composite number?
False
Is 19387 a prime number?
True
Is 122563 a prime number?
False
Is 1276745 composite?
True
Is 86027 a prime number?
True
Is 1406807 a composite number?
False
Is 269447 a composite number?
True
Is 563401 composite?
False
Is 1464266 a composite number?
True
Is 143387 a composite number?
False
Is 1416017 composite?
True
Is 7279 a composite number?
True
Is 6067 a composite number?
False
Is 185059 a composite number?
True
Is 330469 a prime number?
True
Is 4211 a composite number?
False
Is 16217 composite?
False
Is 66491 prime?
True
Is 6389 composite?
False
Is 71783 composite?
True
Is 2798 prime?
False
Is 157007 prime?
True
Is 13777 prime?
False
Is 10489 prime?
False
Is 15601 a composite number?
False
Is 66298 a composite number?
True
Is 7978 a prime number?
False
Is 148769 a prime number?
False
Is 31145 a composite number?
True
Is 5749 a composite number?
False
Is 8129 a composite number?
True
Is 11657 a composite number?
False
Is 2362 prime?
False
Is 2787 prime?
False
Is 21551 a composite number?
True
Is 431 a prime number?
True
Is 1659997 a prime number?
True
Is 16619 a composite number?
False
Is 86981 composite?
False
Is 81611 a composite number?
False
Is 1469 a prime number?
False
Is 6757 a prime number?
False
Is 115 a prime number?
False
Is 384133 a composite number?
False
Is 16033 composite?
False
Is 239831 composite?
False
Is 100043 composite?
False
Is 55801 a prime number?
False
Is 239201 prime?
True
Is 3518 composite?
True
Is 120151 a composite number?
True
Is 395737 a prime number?
True
Is 1279623 a composite number?
True
Is 377 a composite number?
True
Is 42881 a prime number?
False
Is 7241 composite?
True
Is 5923 prime?
True
Is 173021 composite?
False
Is 3018337 a prime number?
False
Is 472219 a composite number?
True
Is 238223 a composite number?
False
Is 7629 a composite number?
True
Is 144422 composite?
True
Is 27647 a prime number?
True
Is 38179 prime?
False
Is 31471 prime?
False
Is 259951 composite?
True
Is 24631 a prime number?
True
Is 13963 a prime number?
True
Is 6421 a prime number?
True
Is 18838 prime?
False
Is 1115 prime?
False
Is 9991 prime?
False
Is 89135 a prime number?
False
Is 317465 a composite number?
True
Is 105169 composite?
True
Is 33379 a composite number?
True
Is 184441 prime?
True
Is 977 a composite number?
False
Is 138707 a composite number?
True
Is 282329 a composite number?
True
Is 424127 prime?
False
Is 15227 composite?
False
Is 105797 composite?
True
Is 4471 a composite number?
True
Is 161201 a prime number?
True
Is 17035 prime?
False
Is 175893 a prime number?
False
Is 3223 prime?
False
Is 4007 a composite number?
False
Is 449 prime?
True
Is 1657 a prime number?
True
Is 33526 prime?
False
Is 264659 prime?
True
Is 21139 prime?
True
Is 32083 a prime number?
True
Is 140458 composite?
True
Is 106631 a prime number?
False
Is 7411 a prime number?
True
Is 27451 composite?
True
Is 143443 a composite number?
False
Is 195389 prime?
True
Is 7817 a prime number?
True
Is 723949 prime?
True
Is 7795 a prime number?
False
Is 41039 composite?
False
Is 93293 a prime number?
False
Is 9007 a prime number?
True
Is 2329 a composite number?
True
Is 30757 a prime number?
True
Is 1176783 prime?
False
Is 1973 a prime number?
True
Is 233383 prime?
False
Is 1951 composite?
False
Is 33979 composite?
True
Is 72139 a prime number?
True
Is 32397 prime?
False
Is 21751 a prime number?
True
Is 222961 a prime number?
False
Is 95429 a composite number?
False
Is 71633 a prime number?
True
Is 67029 a composite number?
True
Is 19859 composite?
True
Is 4577 a composite number?
True
Is 109073 a composite number?
False
Is 145 composite?
True
Is 39535 prime?
False
Is 631 composite?
False
Is 376463 a composite number?
False
Is 140321 composite?
False
Is 33569 composite?
False
Is 7283 a prime number?
True
Is 52763 a prime number?
False
Is 536743 a composite